{"id":18,"date":"2015-07-30T02:41:39","date_gmt":"2015-07-30T02:41:39","guid":{"rendered":"https:\/\/estudandosocialmedia.wordpress.com\/?page_id=18"},"modified":"2015-07-30T02:41:39","modified_gmt":"2015-07-30T02:41:39","slug":"youtube","status":"publish","type":"page","link":"https:\/\/insightee.com.br\/blog\/e-books-e-materiais-educativos\/youtube\/","title":{"rendered":"Youtube"},"content":{"rendered":"<p><a href=\"https:\/\/www.youtube.com\/user\/Buzzmonitor\">Buzzmonitor<\/a> &#8211; Canal com v\u00eddeos-tutoriais sobre a ferramenta de monitoramento e m\u00e9tricas, algumas (poucas) entrevistas com profissionais da \u00e1rea, etc. Destaque para a playlist &#8220;Curso completo de Monitoramento, Analytics e Social CRM&#8221;.<\/p>\n<p><a href=\"https:\/\/www.youtube.com\/user\/scupmonitora\" target=\"_blank\">Scup<\/a> &#8211; Mais de 75 v\u00eddeos, dentre eles, palestras completas, tutoriais, conversas com profissionais, cases e muito mais. Provavelmente um dos maiores acervos audiovisual sobre monitoramento e m\u00e9tricas.<\/p>\n<p><a href=\"https:\/\/www.youtube.com\/user\/iabbrasil\" target=\"_blank\">IAB TV<\/a> &#8211;\u00a0Canal vasto com v\u00e1rios v\u00eddeos sobre tecnologia, propaganda e dados. Entrevistas com profissionais e palestras completas de eventos importantes realizados pela empresa.<\/p>\n<p><a href=\"https:\/\/www.youtube.com\/channel\/UChEjnfopV2_kxFERCJT5Ekw\" target=\"_blank\">Social +<\/a> &#8211; Entrevistas com profissionais do mercado de marketing digital sobre suas realiza\u00e7\u00f5es profissionais e tem\u00e1ticas\/assuntos sobre o tema.<\/p>\n","protected":false},"excerpt":{"rendered":"<p>Buzzmonitor &#8211; Canal com v\u00eddeos-tutoriais sobre a ferramenta de monitoramento e m\u00e9tricas, algumas (poucas) entrevistas com profissionais da \u00e1rea, etc. Destaque para a playlist &#8220;Curso completo de Monitoramento, Analytics e Social CRM&#8221;. Scup &#8211; Mais de 75 v\u00eddeos, dentre eles, palestras completas, tutoriais, conversas com profissionais, cases e muito mais. Provavelmente um dos maiores acervos [&hellip;]<\/p>\n","protected":false},"author":1,"featured_media":0,"parent":12,"menu_order":0,"comment_status":"open","ping_status":"open","template":"","meta":{"footnotes":""},"class_list":["post-18","page","type-page","status-publish","hentry"],"yoast_head":"<!-- This site is optimized with the Yoast SEO plugin v27.5 - https:\/\/yoast.com\/product\/yoast-seo-wordpress\/ -->\n<title>Youtube &#8211; insightee<\/title>\n<meta name=\"robots\" content=\"index, follow, max-snippet:-1, max-image-preview:large, max-video-preview:-1\" \/>\n<link rel=\"canonical\" href=\"https:\/\/insightee.com.br\/blog\/e-books-e-materiais-educativos\/youtube\/\" \/>\n<meta property=\"og:locale\" content=\"pt_BR\" \/>\n<meta property=\"og:type\" content=\"article\" \/>\n<meta property=\"og:title\" content=\"Youtube &#8211; insightee\" \/>\n<meta property=\"og:description\" content=\"Buzzmonitor &#8211; Canal com v\u00eddeos-tutoriais sobre a ferramenta de monitoramento e m\u00e9tricas, algumas (poucas) entrevistas com profissionais da \u00e1rea, etc. Destaque para a playlist &#8220;Curso completo de Monitoramento, Analytics e Social CRM&#8221;. Scup &#8211; Mais de 75 v\u00eddeos, dentre eles, palestras completas, tutoriais, conversas com profissionais, cases e muito mais. Provavelmente um dos maiores acervos [&hellip;]\" \/>\n<meta property=\"og:url\" content=\"https:\/\/insightee.com.br\/blog\/e-books-e-materiais-educativos\/youtube\/\" \/>\n<meta property=\"og:site_name\" content=\"insightee\" \/>\n<meta property=\"article:publisher\" content=\"https:\/\/www.facebook.com\/pedrormeirelles\" \/>\n<meta property=\"og:image\" content=\"https:\/\/insightee.com.br\/blog\/wp-content\/uploads\/2016\/12\/featured-img.png\" \/>\n\t<meta property=\"og:image:width\" content=\"1170\" \/>\n\t<meta property=\"og:image:height\" content=\"650\" \/>\n\t<meta property=\"og:image:type\" content=\"image\/png\" \/>\n<meta name=\"twitter:card\" content=\"summary_large_image\" \/>\n<meta name=\"twitter:site\" content=\"@peumeirelles\" \/>\n<meta name=\"twitter:label1\" content=\"Est. tempo de leitura\" \/>\n\t<meta name=\"twitter:data1\" content=\"1 minuto\" \/>\n<script type=\"application\/ld+json\" class=\"yoast-schema-graph\">{\"@context\":\"https:\\\/\\\/schema.org\",\"@graph\":[{\"@type\":\"WebPage\",\"@id\":\"https:\\\/\\\/insightee.com.br\\\/blog\\\/e-books-e-materiais-educativos\\\/youtube\\\/\",\"url\":\"https:\\\/\\\/insightee.com.br\\\/blog\\\/e-books-e-materiais-educativos\\\/youtube\\\/\",\"name\":\"Youtube &#8211; insightee\",\"isPartOf\":{\"@id\":\"https:\\\/\\\/insightee.com.br\\\/blog\\\/#website\"},\"datePublished\":\"2015-07-30T02:41:39+00:00\",\"breadcrumb\":{\"@id\":\"https:\\\/\\\/insightee.com.br\\\/blog\\\/e-books-e-materiais-educativos\\\/youtube\\\/#breadcrumb\"},\"inLanguage\":\"pt-BR\",\"potentialAction\":[{\"@type\":\"ReadAction\",\"target\":[\"https:\\\/\\\/insightee.com.br\\\/blog\\\/e-books-e-materiais-educativos\\\/youtube\\\/\"]}]},{\"@type\":\"BreadcrumbList\",\"@id\":\"https:\\\/\\\/insightee.com.br\\\/blog\\\/e-books-e-materiais-educativos\\\/youtube\\\/#breadcrumb\",\"itemListElement\":[{\"@type\":\"ListItem\",\"position\":1,\"name\":\"In\u00edcio\",\"item\":\"https:\\\/\\\/insightee.com.br\\\/blog\\\/\"},{\"@type\":\"ListItem\",\"position\":2,\"name\":\"Materiais educativos\",\"item\":\"https:\\\/\\\/insightee.com.br\\\/blog\\\/e-books-e-materiais-educativos\\\/\"},{\"@type\":\"ListItem\",\"position\":3,\"name\":\"Youtube\"}]},{\"@type\":\"WebSite\",\"@id\":\"https:\\\/\\\/insightee.com.br\\\/blog\\\/#website\",\"url\":\"https:\\\/\\\/insightee.com.br\\\/blog\\\/\",\"name\":\"insightee\",\"description\":\"\u00e0 procura do insight perfeito\",\"potentialAction\":[{\"@type\":\"SearchAction\",\"target\":{\"@type\":\"EntryPoint\",\"urlTemplate\":\"https:\\\/\\\/insightee.com.br\\\/blog\\\/?s={search_term_string}\"},\"query-input\":{\"@type\":\"PropertyValueSpecification\",\"valueRequired\":true,\"valueName\":\"search_term_string\"}}],\"inLanguage\":\"pt-BR\"}]}<\/script>\n<!-- \/ Yoast SEO plugin. -->","yoast_head_json":{"title":"Youtube &#8211; insightee","robots":{"index":"index","follow":"follow","max-snippet":"max-snippet:-1","max-image-preview":"max-image-preview:large","max-video-preview":"max-video-preview:-1"},"canonical":"https:\/\/insightee.com.br\/blog\/e-books-e-materiais-educativos\/youtube\/","og_locale":"pt_BR","og_type":"article","og_title":"Youtube &#8211; insightee","og_description":"Buzzmonitor &#8211; Canal com v\u00eddeos-tutoriais sobre a ferramenta de monitoramento e m\u00e9tricas, algumas (poucas) entrevistas com profissionais da \u00e1rea, etc. Destaque para a playlist &#8220;Curso completo de Monitoramento, Analytics e Social CRM&#8221;. Scup &#8211; Mais de 75 v\u00eddeos, dentre eles, palestras completas, tutoriais, conversas com profissionais, cases e muito mais. Provavelmente um dos maiores acervos [&hellip;]","og_url":"https:\/\/insightee.com.br\/blog\/e-books-e-materiais-educativos\/youtube\/","og_site_name":"insightee","article_publisher":"https:\/\/www.facebook.com\/pedrormeirelles","og_image":[{"width":1170,"height":650,"url":"https:\/\/insightee.com.br\/blog\/wp-content\/uploads\/2016\/12\/featured-img.png","type":"image\/png"}],"twitter_card":"summary_large_image","twitter_site":"@peumeirelles","twitter_misc":{"Est. tempo de leitura":"1 minuto"},"schema":{"@context":"https:\/\/schema.org","@graph":[{"@type":"WebPage","@id":"https:\/\/insightee.com.br\/blog\/e-books-e-materiais-educativos\/youtube\/","url":"https:\/\/insightee.com.br\/blog\/e-books-e-materiais-educativos\/youtube\/","name":"Youtube &#8211; insightee","isPartOf":{"@id":"https:\/\/insightee.com.br\/blog\/#website"},"datePublished":"2015-07-30T02:41:39+00:00","breadcrumb":{"@id":"https:\/\/insightee.com.br\/blog\/e-books-e-materiais-educativos\/youtube\/#breadcrumb"},"inLanguage":"pt-BR","potentialAction":[{"@type":"ReadAction","target":["https:\/\/insightee.com.br\/blog\/e-books-e-materiais-educativos\/youtube\/"]}]},{"@type":"BreadcrumbList","@id":"https:\/\/insightee.com.br\/blog\/e-books-e-materiais-educativos\/youtube\/#breadcrumb","itemListElement":[{"@type":"ListItem","position":1,"name":"In\u00edcio","item":"https:\/\/insightee.com.br\/blog\/"},{"@type":"ListItem","position":2,"name":"Materiais educativos","item":"https:\/\/insightee.com.br\/blog\/e-books-e-materiais-educativos\/"},{"@type":"ListItem","position":3,"name":"Youtube"}]},{"@type":"WebSite","@id":"https:\/\/insightee.com.br\/blog\/#website","url":"https:\/\/insightee.com.br\/blog\/","name":"insightee","description":"\u00e0 procura do insight perfeito","potentialAction":[{"@type":"SearchAction","target":{"@type":"EntryPoint","urlTemplate":"https:\/\/insightee.com.br\/blog\/?s={search_term_string}"},"query-input":{"@type":"PropertyValueSpecification","valueRequired":true,"valueName":"search_term_string"}}],"inLanguage":"pt-BR"}]}},"_links":{"self":[{"href":"https:\/\/insightee.com.br\/blog\/wp-json\/wp\/v2\/pages\/18","targetHints":{"allow":["GET"]}}],"collection":[{"href":"https:\/\/insightee.com.br\/blog\/wp-json\/wp\/v2\/pages"}],"about":[{"href":"https:\/\/insightee.com.br\/blog\/wp-json\/wp\/v2\/types\/page"}],"author":[{"embeddable":true,"href":"https:\/\/insightee.com.br\/blog\/wp-json\/wp\/v2\/users\/1"}],"replies":[{"embeddable":true,"href":"https:\/\/insightee.com.br\/blog\/wp-json\/wp\/v2\/comments?post=18"}],"version-history":[{"count":0,"href":"https:\/\/insightee.com.br\/blog\/wp-json\/wp\/v2\/pages\/18\/revisions"}],"up":[{"embeddable":true,"href":"https:\/\/insightee.com.br\/blog\/wp-json\/wp\/v2\/pages\/12"}],"wp:attachment":[{"href":"https:\/\/insightee.com.br\/blog\/wp-json\/wp\/v2\/media?parent=18"}],"curies":[{"name":"wp","href":"https:\/\/api.w.org\/{rel}","templated":true}]}}